{"id":47,"date":"2023-11-30T18:01:11","date_gmt":"2023-11-30T17:01:11","guid":{"rendered":"https:\/\/vrdsystem.fr\/?page_id=47"},"modified":"2023-12-12T18:48:30","modified_gmt":"2023-12-12T17:48:30","slug":"a-propos","status":"publish","type":"page","link":"https:\/\/vrdsystem.fr\/index.php\/a-propos\/","title":{"rendered":"A PROPOS"},"content":{"rendered":"\n<h2 class=\"wp-block-heading has-text-color has-link-color wp-elements-42d2f67baa4a27567c9dba742a3b93a4\" style=\"color:#778f9c\">Conseils pour un projet d&#8217;am\u00e9nagement urbain<\/h2>\n\n\n\n<h2 class=\"wp-block-heading has-text-color has-link-color wp-elements-9cf0c99f24b86e397d2a1d17986832ba\" style=\"color:#778f9c\">Conseils pour un projet d&#8217;am\u00e9nagement ext\u00e9rieur de b\u00e2timent en construction ou en r\u00e9habilitation<\/h2>\n\n\n\n<div class=\"wp-block-media-text is-stacked-on-mobile is-image-fill has-white-color has-cyan-bluish-gray-background-color has-text-color has-background has-link-color has-medium-font-size wp-elements-cf01633b96f284798ec445fa6150bebf\"><figure class=\"wp-block-media-text__media\" style=\"background-image:url(https:\/\/vrdsystem.fr\/wp-content\/uploads\/2023\/12\/SARY-TSILA-1024x967.jpg);background-position:50% 50%\"><img fetchpriority=\"high\" decoding=\"async\" width=\"1024\" height=\"967\" src=\"https:\/\/vrdsystem.fr\/wp-content\/uploads\/2023\/12\/SARY-TSILA-1024x967.jpg\" alt=\"\" class=\"wp-image-224 size-full\" srcset=\"https:\/\/vrdsystem.fr\/wp-content\/uploads\/2023\/12\/SARY-TSILA-1024x967.jpg 1024w, https:\/\/vrdsystem.fr\/wp-content\/uploads\/2023\/12\/SARY-TSILA-300x283.jpg 300w, https:\/\/vrdsystem.fr\/wp-content\/uploads\/2023\/12\/SARY-TSILA-768x725.jpg 768w, https:\/\/vrdsystem.fr\/wp-content\/uploads\/2023\/12\/SARY-TSILA-1536x1450.jpg 1536w, https:\/\/vrdsystem.fr\/wp-content\/uploads\/2023\/12\/SARY-TSILA-2048x1934.jpg 2048w\" sizes=\"(max-width: 1024px) 100vw, 1024px\" \/><\/figure><div class=\"wp-block-media-text__content\">\n<p>VRD SYSTEM&nbsp; est un cabinet d\u2019ing\u00e9nierie cr\u00e9\u00e9 en 2023 par Rado RAJOBSON.<\/p>\n\n\n\n<p>Apr\u00e8s plus de 15 ans d\u2019exp\u00e9rience dans le domaine des travaux Publics et VRD (voiries et r\u00e9seaux divers) et plus de 10 ans dans la conduite de travaux, j&#8217;accompagne aujourd&#8217;hui\u00a0 les ma\u00eetres d\u2019\u0153uvres, les assistants ma\u00eetre d&#8217;ouvrage, les bureaux d&#8217;\u00e9tudes, les entreprises de travaux, les architectes et d&#8217;autres partenaires dans la <strong>r\u00e9alisation de projet d\u2019am\u00e9nagement urbain et am\u00e9nagement ext\u00e9rieur de b\u00e2timent en construction ou en\u00a0 r\u00e9habilitation.<\/strong><\/p>\n<\/div><\/div>\n\n\n\n<p><\/p>\n\n\n\n<div class=\"wp-block-buttons is-layout-flex wp-block-buttons-is-layout-flex\">\n<div class=\"wp-block-button\"><a class=\"wp-block-button__link wp-element-button\" href=\"http:\/\/vrdsystem.fr\/wp-content\/uploads\/2023\/11\/CV-TSILA-2023.pdf.pdf\" target=\"_blank\" rel=\"noreferrer noopener\"><strong>En savoir plus sur mon parcours<\/strong><\/a><\/div>\n<\/div>\n","protected":false},"excerpt":{"rendered":"<p>Conseils pour un projet d&#8217;am\u00e9nagement urbain Conseils pour un projet d&#8217;am\u00e9nagement ext\u00e9rieur de b\u00e2timent en construction ou en r\u00e9habilitation VRD SYSTEM&nbsp; est un cabinet d\u2019ing\u00e9nierie cr\u00e9\u00e9 en 2023 par Rado RAJOBSON. Apr\u00e8s plus de 15 ans d\u2019exp\u00e9rience dans le domaine des travaux Publics et VRD (voiries et r\u00e9seaux divers) et plus de 10 ans dans [&hellip;]<\/p>\n","protected":false},"author":1,"featured_media":230,"parent":0,"menu_order":0,"comment_status":"closed","ping_status":"closed","template":"","meta":{"footnotes":""},"class_list":["post-47","page","type-page","status-publish","has-post-thumbnail","hentry"],"yoast_head":"<!-- This site is optimized with the Yoast SEO plugin v21.6 - https:\/\/yoast.com\/wordpress\/plugins\/seo\/ -->\n<title>VRD SYSTEM : Conducteur de travaux TP \/ VRD freelance<\/title>\n<meta name=\"description\" content=\"Ma\u00eetres d\u2019\u0153uvres, AMO, bureaux d&#039;\u00e9tudes, entreprises de travaux, architectes et partenaires du BTP : VRD SYSTEM est \u00e0 votre service\" \/>\n<meta name=\"robots\" content=\"index, follow, max-snippet:-1, max-image-preview:large, max-video-preview:-1\" \/>\n<link rel=\"canonical\" href=\"https:\/\/vrdsystem.fr\/index.php\/a-propos\/\" \/>\n<meta property=\"og:locale\" content=\"en_US\" \/>\n<meta property=\"og:type\" content=\"article\" \/>\n<meta property=\"og:title\" content=\"VRD SYSTEM : Conducteur de travaux TP \/ VRD freelance\" \/>\n<meta property=\"og:description\" content=\"Ma\u00eetres d\u2019\u0153uvres, AMO, bureaux d&#039;\u00e9tudes, entreprises de travaux, architectes et partenaires du BTP : VRD SYSTEM est \u00e0 votre service\" \/>\n<meta property=\"og:url\" content=\"https:\/\/vrdsystem.fr\/index.php\/a-propos\/\" \/>\n<meta property=\"og:site_name\" content=\"VRD SYSTEM - Conducteur de travaux freelance\" \/>\n<meta property=\"article:modified_time\" content=\"2023-12-12T17:48:30+00:00\" \/>\n<meta property=\"og:image\" content=\"http:\/\/vrdsystem.fr\/wp-content\/uploads\/2023\/12\/logo-.png\" \/>\n\t<meta property=\"og:image:width\" content=\"500\" \/>\n\t<meta property=\"og:image:height\" content=\"500\" \/>\n\t<meta property=\"og:image:type\" content=\"image\/png\" \/>\n<meta name=\"twitter:card\" content=\"summary_large_image\" \/>\n<meta name=\"twitter:label1\" content=\"Est. reading time\" \/>\n\t<meta name=\"twitter:data1\" content=\"1 minute\" \/>\n<script type=\"application\/ld+json\" class=\"yoast-schema-graph\">{\"@context\":\"https:\/\/schema.org\",\"@graph\":[{\"@type\":\"WebPage\",\"@id\":\"https:\/\/vrdsystem.fr\/index.php\/a-propos\/\",\"url\":\"https:\/\/vrdsystem.fr\/index.php\/a-propos\/\",\"name\":\"VRD SYSTEM : Conducteur de travaux TP \/ VRD freelance\",\"isPartOf\":{\"@id\":\"https:\/\/vrdsystem.fr\/#website\"},\"datePublished\":\"2023-11-30T17:01:11+00:00\",\"dateModified\":\"2023-12-12T17:48:30+00:00\",\"description\":\"Ma\u00eetres d\u2019\u0153uvres, AMO, bureaux d'\u00e9tudes, entreprises de travaux, architectes et partenaires du BTP : VRD SYSTEM est \u00e0 votre service\",\"breadcrumb\":{\"@id\":\"https:\/\/vrdsystem.fr\/index.php\/a-propos\/#breadcrumb\"},\"inLanguage\":\"en-US\",\"potentialAction\":[{\"@type\":\"ReadAction\",\"target\":[\"https:\/\/vrdsystem.fr\/index.php\/a-propos\/\"]}]},{\"@type\":\"BreadcrumbList\",\"@id\":\"https:\/\/vrdsystem.fr\/index.php\/a-propos\/#breadcrumb\",\"itemListElement\":[{\"@type\":\"ListItem\",\"position\":1,\"name\":\"Accueil\",\"item\":\"https:\/\/vrdsystem.fr\/\"},{\"@type\":\"ListItem\",\"position\":2,\"name\":\"A PROPOS\"}]},{\"@type\":\"WebSite\",\"@id\":\"https:\/\/vrdsystem.fr\/#website\",\"url\":\"https:\/\/vrdsystem.fr\/\",\"name\":\"VRD SYSTEM - Conducteur de travaux freelance\",\"description\":\"\",\"publisher\":{\"@id\":\"https:\/\/vrdsystem.fr\/#organization\"},\"potentialAction\":[{\"@type\":\"SearchAction\",\"target\":{\"@type\":\"EntryPoint\",\"urlTemplate\":\"https:\/\/vrdsystem.fr\/?s={search_term_string}\"},\"query-input\":\"required name=search_term_string\"}],\"inLanguage\":\"en-US\"},{\"@type\":\"Organization\",\"@id\":\"https:\/\/vrdsystem.fr\/#organization\",\"name\":\"VRD SYSTEM - Conducteur de travaux freelance\",\"url\":\"https:\/\/vrdsystem.fr\/\",\"logo\":{\"@type\":\"ImageObject\",\"inLanguage\":\"en-US\",\"@id\":\"https:\/\/vrdsystem.fr\/#\/schema\/logo\/image\/\",\"url\":\"https:\/\/vrdsystem.fr\/wp-content\/uploads\/2023\/11\/cropped-logo-cv-1-1.png\",\"contentUrl\":\"https:\/\/vrdsystem.fr\/wp-content\/uploads\/2023\/11\/cropped-logo-cv-1-1.png\",\"width\":453,\"height\":144,\"caption\":\"VRD SYSTEM - Conducteur de travaux freelance\"},\"image\":{\"@id\":\"https:\/\/vrdsystem.fr\/#\/schema\/logo\/image\/\"}}]}<\/script>\n<!-- \/ Yoast SEO plugin. -->","yoast_head_json":{"title":"VRD SYSTEM : Conducteur de travaux TP \/ VRD freelance","description":"Ma\u00eetres d\u2019\u0153uvres, AMO, bureaux d'\u00e9tudes, entreprises de travaux, architectes et partenaires du BTP : VRD SYSTEM est \u00e0 votre service","robots":{"index":"index","follow":"follow","max-snippet":"max-snippet:-1","max-image-preview":"max-image-preview:large","max-video-preview":"max-video-preview:-1"},"canonical":"https:\/\/vrdsystem.fr\/index.php\/a-propos\/","og_locale":"en_US","og_type":"article","og_title":"VRD SYSTEM : Conducteur de travaux TP \/ VRD freelance","og_description":"Ma\u00eetres d\u2019\u0153uvres, AMO, bureaux d'\u00e9tudes, entreprises de travaux, architectes et partenaires du BTP : VRD SYSTEM est \u00e0 votre service","og_url":"https:\/\/vrdsystem.fr\/index.php\/a-propos\/","og_site_name":"VRD SYSTEM - Conducteur de travaux freelance","article_modified_time":"2023-12-12T17:48:30+00:00","og_image":[{"width":500,"height":500,"url":"http:\/\/vrdsystem.fr\/wp-content\/uploads\/2023\/12\/logo-.png","type":"image\/png"}],"twitter_card":"summary_large_image","twitter_misc":{"Est. reading time":"1 minute"},"schema":{"@context":"https:\/\/schema.org","@graph":[{"@type":"WebPage","@id":"https:\/\/vrdsystem.fr\/index.php\/a-propos\/","url":"https:\/\/vrdsystem.fr\/index.php\/a-propos\/","name":"VRD SYSTEM : Conducteur de travaux TP \/ VRD freelance","isPartOf":{"@id":"https:\/\/vrdsystem.fr\/#website"},"datePublished":"2023-11-30T17:01:11+00:00","dateModified":"2023-12-12T17:48:30+00:00","description":"Ma\u00eetres d\u2019\u0153uvres, AMO, bureaux d'\u00e9tudes, entreprises de travaux, architectes et partenaires du BTP : VRD SYSTEM est \u00e0 votre service","breadcrumb":{"@id":"https:\/\/vrdsystem.fr\/index.php\/a-propos\/#breadcrumb"},"inLanguage":"en-US","potentialAction":[{"@type":"ReadAction","target":["https:\/\/vrdsystem.fr\/index.php\/a-propos\/"]}]},{"@type":"BreadcrumbList","@id":"https:\/\/vrdsystem.fr\/index.php\/a-propos\/#breadcrumb","itemListElement":[{"@type":"ListItem","position":1,"name":"Accueil","item":"https:\/\/vrdsystem.fr\/"},{"@type":"ListItem","position":2,"name":"A PROPOS"}]},{"@type":"WebSite","@id":"https:\/\/vrdsystem.fr\/#website","url":"https:\/\/vrdsystem.fr\/","name":"VRD SYSTEM - Conducteur de travaux freelance","description":"","publisher":{"@id":"https:\/\/vrdsystem.fr\/#organization"},"potentialAction":[{"@type":"SearchAction","target":{"@type":"EntryPoint","urlTemplate":"https:\/\/vrdsystem.fr\/?s={search_term_string}"},"query-input":"required name=search_term_string"}],"inLanguage":"en-US"},{"@type":"Organization","@id":"https:\/\/vrdsystem.fr\/#organization","name":"VRD SYSTEM - Conducteur de travaux freelance","url":"https:\/\/vrdsystem.fr\/","logo":{"@type":"ImageObject","inLanguage":"en-US","@id":"https:\/\/vrdsystem.fr\/#\/schema\/logo\/image\/","url":"https:\/\/vrdsystem.fr\/wp-content\/uploads\/2023\/11\/cropped-logo-cv-1-1.png","contentUrl":"https:\/\/vrdsystem.fr\/wp-content\/uploads\/2023\/11\/cropped-logo-cv-1-1.png","width":453,"height":144,"caption":"VRD SYSTEM - Conducteur de travaux freelance"},"image":{"@id":"https:\/\/vrdsystem.fr\/#\/schema\/logo\/image\/"}}]}},"_links":{"self":[{"href":"https:\/\/vrdsystem.fr\/index.php\/wp-json\/wp\/v2\/pages\/47","targetHints":{"allow":["GET"]}}],"collection":[{"href":"https:\/\/vrdsystem.fr\/index.php\/wp-json\/wp\/v2\/pages"}],"about":[{"href":"https:\/\/vrdsystem.fr\/index.php\/wp-json\/wp\/v2\/types\/page"}],"author":[{"embeddable":true,"href":"https:\/\/vrdsystem.fr\/index.php\/wp-json\/wp\/v2\/users\/1"}],"replies":[{"embeddable":true,"href":"https:\/\/vrdsystem.fr\/index.php\/wp-json\/wp\/v2\/comments?post=47"}],"version-history":[{"count":12,"href":"https:\/\/vrdsystem.fr\/index.php\/wp-json\/wp\/v2\/pages\/47\/revisions"}],"predecessor-version":[{"id":228,"href":"https:\/\/vrdsystem.fr\/index.php\/wp-json\/wp\/v2\/pages\/47\/revisions\/228"}],"wp:featuredmedia":[{"embeddable":true,"href":"https:\/\/vrdsystem.fr\/index.php\/wp-json\/wp\/v2\/media\/230"}],"wp:attachment":[{"href":"https:\/\/vrdsystem.fr\/index.php\/wp-json\/wp\/v2\/media?parent=47"}],"curies":[{"name":"wp","href":"https:\/\/api.w.org\/{rel}","templated":true}]}}